mainder when 13 is divided by ((-3)/x)/((-2)/(-20))?
3
Let d(x) = -x**3 - 5*x**2 + x - 14. Calculate the remainder when d(-8) is divided by 39.
14
Suppose 141*s = 155*s - 266. What is the remainder when (2/5)/(2/230) is divided by s?
8
Suppose -7 = -2*i - 1. Suppose f - 8 = -2*w, 5*w - 2 = -f + i*f. Suppose 5*t + 320 = 4*n, -139 + 348 = 3*n + f*t. What is the remainder when n is divided by 19?
18
Let h(n) = -n**3 + n**2 + n + 3. Let q be 7/(-14) + 2/4. Let v be h(q). Calculate the remainder when 30 is divided by 5*v - 7/(-7).
14
Suppose 29*b = -210 + 1080. Calculate the remainder when 35 is divided by b.
5
Let s(o) = 3*o**2 - 10*o + 10. Let v(f) = 3*f + 2. What is the remainder when v(5) is divided by s(3)?
3
Suppose 0 = 5*f - 3*g - 551, -4*f - 5*g = 17 - 517. Suppose -2*j = -3*j - 3*u + 46, 0 = 2*u + 8. Let d = j - 29. Calculate the remainder when f is divided by d.
28
Let z(p) = 82*p - 105. Calculate the remainder when z(4) is divided by 9.
7
Let c = -12 + 37. Let u(v) = -213*v + 6. Let p(n) = -142*n + 4. Let o(g) = -7*p(g) + 5*u(g). What is the remainder when o(-1) is divided by c?
23
Let d be -1*3/(-5)*5. Suppose -4*k + 4 + 5 = -5*j, d*k - j - 4 = 0. What is the remainder when 51 is divided by (-27)/(-2) - k/(-2)?
9
Suppose -24*w + 29*w = 130. Calculate the remainder when 50 is divided by w.
24
Suppose 12*t = 821 - 725. Suppose 3*s - 4*s = -15. What is the remainder when s is divided by t?
7
Let r(o) = -8*o. Let d(m) = m**3 - 4*m**2 - 7*m + 9. Let h be d(7). What is the remainder when r(-5) is divided by (-4)/10 - h/(-5)?
19
Let i be (3 - (1 + 1))*5. Suppose 0 = -3*n + i + 10. Let g = -17 - -30. Calculate the remainder when g is divided by n.
3
Let l(g) = 4*g**2 - 69*g - 29. Calculate the remainder when 54 is divided by l(18).
4
Suppose -m - 4*y = -32, 0 = 2*y - 9 + 5. What is the remainder when m is divided by 14?
10
Let d = 369 + -383. Let m(u) = -6*u - u**2 - 9*u + 2*u + 16. Calculate the remainder when 7 is divided by m(d).
1
Let y(b) = -143*b + 1195. Calculate the remainder when y(7) is divided by 13.
12
Let g(i) = i**2 + i + 1. Let u(p) = -p**3 - 4*p**2 - 3. Let k be u(-4). Calculate the remainder when 18 is divided by g(k).
4
Let m(l) = -l. Let h be m(0). Let q be 4/(-10) + -5 + (-252)/(-30). Suppose 120 = -h*g + q*g. Calculate the remainder when g is divided by 11.
7
Calculate the remainder when 24 is divided by 1 - -1 - -18 - (-3 - -9).
10
Calculate the remainder when 105/14*(-3 - -7) is divided by 7.
2
What is the remainder when (-4)/6 + (598/(-6))/(-1) is divided by 44?
11
Suppose 3*v = -3, k = 25*v - 23*v + 10. Suppose -y + 203 = -4*y - d, -y - 69 = -d. Let g = -38 - y. Calculate the remainder when g is divided by k.
6
Suppose -3*k - 7 = -3*s + 2*k, -4*k = -3*s + 11. Suppose x + 17 = 1. What is the remainder when (-2)/((x/(-50))/(-4)) is divided by s?
7
Let r be (27/(-27))/(2/(-4)). What is the remainder when 135 is divided by (0 + -2)*(-17)/r?
16
Let f(b) = 2*b - 8. Suppose 0 = -6*u - 6 + 96. Let k = -23 + 35. Calculate the remainder when f(u) is divided by k.
10
Let r = -236 - -292. What is the remainder when r is divided by 12?
8
Suppose 63 = -60*c + 69*c. What is the remainder when 53 is divided by c?
4
Suppose -28 = -p + 5*g, 5*g + 23 = -p + 1. Suppose 0 = p*z + 38 - 101. Suppose z + 45 = 3*j. Calculate the remainder when j is divided by 5.
2
Suppose -205 = -4*t + t + 2*y, -3*y = 6. Suppose 7*s = t + 45. What is the remainder when 77 is divided by s?
13
Let x(k) be the second derivative of 13*k**3/6 - 7*k**2/2 - 4*k. Let q be x(2). Let b = 29 + q. What is the remainder when b is divided by 17?
14
Let h = 20 - -4. Let f = -38 - -51. What is the remainder when h is divided by f?
11
Suppose 4*k + 354 = 7*k. Calculate the remainder when k is divided by 42.
34
Suppose 4*s - 4*u = 164, 3*s + u - 141 = -10. Suppose -2286 = -9*t - 9*t. What is the remainder when t is divided by s?
41
Let d(q) = -q**2 + 2*q + 27. Let p be d(6). Suppose 0 = -3*b - 4*j + p*j + 13, 4*b - j - 15 = 0. What is the remainder when 13 is divided by b?
1
Let g be (-1 - -2)/((-2)/28). Let j(d) = 2*d**2 - d - 1. What is the remainder when g*(5 + (-159)/21) is divided by j(3)?
8
Suppose 0 = -3*d - 89 + 155. Calculate the remainder when 40 is divided by d.
18
What is the remainder when 87 is divided by ((-532)/21)/(3/9 + -1)?
11
Let w = 213 + -204. Calculate the remainder when 22/8*2*8 is divided by w.
8
Let r = -52 + 72. What is the remainder when 548/7 - (-6)/(-21) is divided by r?
18
Let p be (-1 - -2 - -16) + -1. Let y = -7 + p. Let x(d) = 2*d - 1. Calculate the remainder when y is divided by x(2).
0
Let q = 56 - 38. Let s = -4 - -6. What is the remainder when 51 is divided by q + (s - 3 - -1)?
15
Suppose 4*w + s - 1459 = 0, -1095 = -3*w + s - 2*s. Suppose 3*j - 10 = 4*p, -5*p - 26 = -2*j + 5*j. Calculate the remainder when j/(w/124 - 3) is divided by 8.
7
Let c = -286 - -410. What is the remainder when c is divided by 33?
25
Let b be (-2320)/(-48) + 2/(-6). Let t = b + -26. Calculate the remainder when 41 is divided by t.
19
Let m(o) = 39*o**3 - o**2 - o + 1. Let d be m(1). Suppose 4*g + 4*b = 85 - 29, 3*g + 2*b = d. Let a = 25 - g. Calculate the remainder when a is divided by 8.
7
Calculate the remainder when (-232)/(-3) + (-1)/3 is divided by (6 + 1110/(-105))/((-3)/(21/2)).
13
Suppose -c + 249 = 4*t - 0*c, -2*c = -2*t + 112. Let y = -35 - -35. Suppose h + 1 - 17 = y. What is the remainder when t is divided by h?
13
Suppose -7*b = -3*b + 5*g - 309, -b = -4*g - 72. Suppose 2*y + 0*y - 12 = 5*k, 0 = -5*y + 4*k + 47. What is the remainder when b is divided by y?
10
Let z be (-46)/(-115) + (4002/10)/(-3). Let s = 169 + z. Calculate the remainder when s is divided by 19.
17
Let p be (0 + (-1)/1)*-82. Suppose -8*q = -6*q - p. Calculate the remainder when 79 is divided by q.
38
Let m = -66 + 82. Let y = -31 - -58. Calculate the remainder when y is divided by m.
11
Let p(j) = -j**3 + 3*j**2 + 5*j + 3. Let d(r) = -3*r**3 + 6*r**2 + 11*r + 6. Let m(l) = 2*d(l) - 5*p(l). Calculate the remainder when 99 is divided by m(-4).
24
Suppose 5*x - 5*t + 10*t + 90 = 0, x - 7 = 4*t. What is the remainder when (-2)/x + (-256)/(-26) + 2 is divided by 7?
5
What is the remainder when 832 is divided by 38 + (-33)/(-11) + -13?
20
Suppose -4*y = 5*b - 4559, -4*b - 2*y = -2*b - 1822. What is the remainder when b is divided by 34?
31
Let x(d) = -3*d**2 - 7*d + 9. Let f be x(-6). Let k = f + 73. Calculate the remainder when k is divided by 9.
7
Suppose -b = t - 19, 0*b = 5*t + 2*b - 101. What is the remainder when 293 is divided by t?
20
Let r = 15 - 5. Suppose -2*v - 5*a + 1055 = 0, -4*v - 6*a + 2115 = -a. What is the remainder when v/20 + (-3)/(-6) is divided by r?
7
Let l(p) = -7*p**2 + 179*p - 7. What is the remainder when l(11) is divided by 43?
40
Suppose -3*x + h + 13 = -1, -2*x - 5*h + 15 = 0. Suppose 2*o - o = -2*g + 9, x*g = -2*o + 23. What is the remainder when 12 is divided by g?
2
Let h(v) = -19*v - 2. Let b be h(2). Let m = b - -89. Calculate the remainder when m is divided by 25.
24
Let r(x) = x - 16. Let v be r(7). Let p(y) = 2*y + 23. Let w be p(v). Let k = w + 38. Calculate the remainder when k is divided by 22.
21
Let p = 75 - 50. Let m(w) be the second derivative of -w**3/6 - 2*w**2 + 10*w. Calculate the remainder when p is divided by m(-11).
4
Suppose -16 = y - 3*u, 72 = -0*y - 2*y - 2*u. Let p = 9 - y. What is the remainder when p is divided by 14?
12
Suppose -7880 = -21*w + 1633. Calculate the remainder when w is divided by 35.
33
Suppose -15*u + 850 = 2*u. Let y = -21 - -34. Calculate the remainder when u is divided by y.
11
Suppose 0 = -4*c + 1 + 79. Let z(l) = 2*l**3 - 2*l**2 + 7*l - 1. What is the remainder when z(3) is divided by c?
16
Suppose -2*t + 13 = -3. Suppose 7*w = t*w - 53. Let z = -35 + 49. What is the remainder when w is divided by z?
11
Suppose 3*w - 40 = -w. Let l(j) = j**3 - 9*j**2 + 8. Let h(z) = -z**2 + z. Let u(x) = h(x) + l(x). Calculate the remainder when u(10) is divided by w.
8
Suppose -11*c + 186 + 166 = 0. Let h(a) = a**3 - 5*a**2 - 2. Let d be h(5). Calculate the remainder when 95 + -2 + (-2 - d) is divided by c.
29
Let a(q) = -9*q + 9*q - 8*q - 14*q + 16. What is the remainder when a(-3) is divided by 12?
10
Let n = 55 - 31. Wha